or of 4 and v.
4
Suppose -61*z + 15*z = -53130. What is the highest common factor of 15 and z?
15
Suppose 0 = 5*k + 2*u - 3*u - 151, 4*u = 16. What is the highest common divisor of 155 and k?
31
Let u = 17 + -9. Let a = u + -2. Let v = 374 + -344. Calculate the highest common divisor of v and a.
6
Suppose 0 = a - 2*h - 94, -4*a - 4*h - 137 + 525 = 0. Calculate the greatest common divisor of a and 120.
24
Suppose -13 = -2*y - x, -x = 2*y - 3*y + 11. Suppose y*u = 13*u - 20. What is the greatest common divisor of u and 60?
4
Suppose 136 = -35*g + 31*g. Let q be g/51 - 11/(-3). Calculate the greatest common factor of q and 1.
1
Suppose -g + 12 = -5*g, 5*g = -o - 5. Let d(n) = -n**3 + 2*n**2 - 5. Let c be d(-5). Calculate the greatest common factor of o and c.
10
Suppose 28*k = 22*k + 180. What is the highest common factor of 45 and k?
15
Let u(b) = -4*b + 3. Let l(f) = -3*f + 3. Let n(z) = 3*l(z) - 2*u(z). Let w be n(-6). Calculate the highest common divisor of w and 6.
3
Let k = -6 - -8. Let g be (-20)/(-30)*39*-1. Let a = -20 - g. Calculate the highest common divisor of a and k.
2
Suppose 12*u - 319 = 221. Suppose 0 = -4*p + 5*w + u + 16, 5*w - 20 = -5*p. Let b = 174 - 93. What is the highest common factor of b and p?
9
Let b(v) = v**3 + 3*v**2 - 5*v + 1. Let p be b(-5). Let z = 26 + p. Suppose 3*u + 5*n - z*n = 27, 5*n - 3 = 2*u. What is the highest common factor of 15 and u?
3
Suppose -4*h = 3*l - 10, 5*h + 3 = 8. What is the greatest common factor of 2 and l?
2
Let t be (-23)/3*(5 - 8). Suppose -4*z + 0*h + 1012 = 4*h, 5*h + 506 = 2*z. What is the highest common factor of t and z?
23
Suppose 0 = 4*n - 5*n + 6. Suppose 2*k + 56 = 6*k - 2*p, -k + 4*p = 0. Suppose 5*h = 5*s + 5, -4*h = s + 2 - k. What is the highest common divisor of n and s?
2
Let r(f) = 3*f**3 - 61*f**2 + 31*f - 22. Let t be r(20). Calculate the greatest common factor of t and 462.
66
Let h = -5 + -43. Let u = 60 + h. Calculate the greatest common divisor of u and 192.
12
Let d = -1630 - -1641. Suppose 4*m - 22 = 2*m. What is the highest common divisor of m and d?
11
Suppose 39*n + 31734 = 82*n. Calculate the greatest common divisor of 18 and n.
18
Let q(g) = 151*g**3 + g + 2. Let c be q(-1). Let l be -6*(c/(-5))/(-5). What is the highest common divisor of 4 and l?
4
Let p(z) = 93*z - 126. Let n be p(7). Calculate the greatest common divisor of 35 and n.
35
Let o(t) = 4*t**3 + 3*t**2 - 10*t - 1. Let u be o(-4). Let f be 20/(-15) + (0 - u/3). What is the greatest common factor of 22 and f?
11
Let b be 2 - (5 + -1 + -5). Let l be 90/3 - (-1 + b). Calculate the highest common divisor of l and 14.
14
Let j(y) = 62*y**2 - y + 2. Let d be j(-2). Suppose 27 = 2*z - 29. Calculate the highest common factor of d and z.
28
Let c = 376 + -235. Suppose 3*k - c = -3*x, k + 2*x - 62 = -2*x. What is the greatest common divisor of k and 6?
6
Suppose -325 = -p + 3*y - 142, 4*y + 16 = 0. What is the highest common divisor of p and 27?
9
Let k(c) = -3*c + 6. Let o be k(-5). Suppose 5*g - 444 = o. Let m = g - -270. Calculate the greatest common divisor of m and 33.
33
Let a be ((1800/21)/20)/((-3)/(-14)). Calculate the highest common divisor of 70 and a.
10
Let t be 18 - ((-14)/(-3) - (-6)/(-9)). Let i(q) = 2*q**2 + 3*q + 8. Let v be i(6). What is the greatest common factor of t and v?
14
Let q be (-612)/(-16) + (15/(-12) - -1). Let w(i) = -2*i**2 + 3*i + 22. Let h be w(4). Calculate the greatest common divisor of q and h.
2
Let g(d) = -2*d**2 + 11. Let z be g(5). Let i = 46 + z. What is the highest common factor of 1 and i?
1
Let y be ((-36)/108)/(1/(-21)). Calculate the highest common divisor of y and 63.
7
Let m(t) = 6*t + 39. Let x be m(-4). What is the highest common factor of x and 105?
15
Let b(j) = -j**2 + 2*j + 2. Let u be b(-3). Let i = 11 - 27. Let p = u - i. Calculate the greatest common divisor of 6 and p.
3
Let a be (42 + -49)*(-1)/(1/3). Suppose -5*h + a = -x - 125, 68 = 2*h + 2*x. Calculate the greatest common divisor of h and 10.
10
Let t = 73 + -33. Let z = t + 15. What is the greatest common divisor of z and 5?
5
Suppose 0 = 787*h - 793*h + 12. What is the highest common factor of 142 and h?
2
Suppose -6*n + 86 = 32. Calculate the highest common divisor of n and 63.
9
Let q(w) = -w**2 + 7*w + 2. Let v(i) = -i + 1. Let k be v(-7). Let m be q(k). Let j be 23/3 + (-2)/m. What is the highest common factor of j and 72?
8
Suppose -5*u + 10 = 0, -29*v - 3*u = -31*v + 98. What is the greatest common factor of 416 and v?
52
Let k be 2/8 - 1554/48*-2. What is the greatest common factor of k and 13?
13
Suppose 5*m + 0 - 10 = 4*g, -2*m + 4 = -g. Suppose v - 4*f - 55 = 0, -m*v + 7*f = 2*f - 125. Calculate the highest common factor of 15 and v.
15
Suppose -46*i + 9510 = -43*i. Calculate the highest common divisor of i and 10.
10
Let r(p) = -p + 15. Suppose 4*b + 14 = 6*b. Let k be r(b). Let s be 28/(-35)*5 - (-16 - 0). What is the greatest common divisor of k and s?
4
Let p(m) = 18*m - 5*m - 5 + 11*m. Let b be p(4). Let o = -55 + 68. Calculate the greatest common factor of o and b.
13
Let a be (6 + 0)*(-316)/(-24). Calculate the highest common divisor of 1264 and a.
79
Let j(t) = -t**2 - 5*t - 3. Let l be j(-3). Suppose 4*s - l*s - u + 1 = 0, -9 = -3*u. Let m = 1 - 0. Calculate the highest common factor of s and m.
1
Let c(w) = w + 19. Let q be c(-10). Suppose -q*m = -8*m - 7. Let r(j) = 2*j + 12. Let x be r(m). What is the greatest common divisor of x and 39?
13
Suppose -3*o + j + 76 = 0, 3*o - 2*j - 8 = 66. Let w = o + -21. Calculate the greatest common factor of 20 and w.
5
Let p(m) = m + 21. Let t be p(0). Suppose -2*h + v + 0 = 2, -2 = 2*h + 5*v. Let x(q) = -5*q + 2. Let i be x(h). Calculate the greatest common factor of t and i.
7
Let v = 25 + -22. Suppose -v*w + 5*w - 36 = 0. Calculate the greatest common divisor of 27 and w.
9
Suppose -c + 5 = 1. Suppose 2*i - c*i + 52 = 0. What is the highest common divisor of i and 130?
26
Suppose -y + 5*y - 40 = 0. Suppose -2*f + y = 3*f. Suppose 0 = -5*g - 4*a + 93, 3*g - a = -f*g + 108. What is the greatest common divisor of g and 7?
7
Suppose -7*w = -3*w - 8. Suppose -4*s + 2*m + 176 = 20, 5*s - w*m - 196 = 0. Suppose -s = -3*c + c. Calculate the greatest common divisor of 220 and c.
20
Suppose -2*f + 21 = -39. Let q be 5/5 + 1*44. Calculate the highest common divisor of f and q.
15
Suppose 4*a = 20 + 20. Let w = 10 - a. Suppose -s + 8 - 7 = w. Calculate the greatest common divisor of 4 and s.
1
Suppose 0 = 4*g - 8*k + 13*k - 50, -2*g + 30 = 5*k. What is the highest common divisor of g and 10?
10
Suppose a - 2*a = -6. Suppose 4*b - 900 = -3*k, 675 = -3*b + a*b - 2*k. Calculate the greatest common factor of b and 25.
25
Let l(m) be the second derivative of m**4/12 + 3*m**3/2 + 3*m**2/2 + 6*m. Let a be l(-9). Suppose r + a = 12. Calculate the highest common divisor of r and 72.
9
Let b be -4*(-33)/36*3. Suppose -9*j + b*j - 26 = 0. Suppose -s + 125 = -18. Calculate the highest common factor of s and j.
13
Suppose 0 = -4*f, -c + 5*f = -9 - 0. Let y = 1629 - 1620. Calculate the highest common factor of y and c.
9
Let z(a) = a**2 + a - 7. Let c = -26 - -17. Let o be z(c). Calculate the highest common factor of o and 13.
13
Let k be (-199 + -1)/((2/(-1))/2). What is the highest common divisor of k and 160?
40
Suppose -3*u + 180 = -u. Let t = 63 - 38. Suppose 0 = -2*j + 2*b + 3 + 7, 0 = -5*b + t. What is the greatest common factor of u and j?
10
Let h be 0 + (-1)/(-11) - (-7020)/99. What is the greatest common divisor of 852 and h?
71
Suppose -4*a = 2*l - 123 + 15, 0 = l - 5*a - 54. Suppose j - 6 - 34 = 0. Suppose -u - 4 = -j. What is the greatest common divisor of l and u?
18
Let k(i) = i**2 - 9*i + 27. Let h be k(12). Calculate the highest common factor of h and 9.
9
Let f = -18 + 25. Let b = 41 - 38. Suppose -4*n + 38 = q - b*q, -5*q = 25. What is the greatest common factor of f and n?
7
Let j = -398 - -413. What is the greatest common factor of j and 240?
15
Let s = 194 - 139. Suppose -12*j - s = -17*j. Let h be 0/1 - (-65 - 1). Calculate the highest common divisor of j and h.
11
Let y be ((-8)/(-24))/((-7)/(-21)). Calculate the highest common divisor of y and 41.
1
Suppose -76 = -q - 3*q. Let y = 40 - q. Calculate the greatest common divisor